{"id":444724,"date":"2020-09-16T12:38:23","date_gmt":"2020-09-16T10:38:23","guid":{"rendered":"https:\/\/www.burg.biz\/international\/p\/locks-and-bolts\/magno400e\/"},"modified":"2020-12-21T11:19:55","modified_gmt":"2020-12-21T10:19:55","slug":"magno400e","status":"publish","type":"product","link":"https:\/\/test.burgwaechterservice.de\/international\/p\/locks-and-bolts\/magno400e\/","title":{"rendered":"400 E Magno"},"content":{"rendered":"<p><img decoding=\"async\" class=\"alignnone wp-image-535071\" src=\"https:\/\/test.burgwaechterservice.de\/wp-content\/uploads\/2020\/09\/Piktos-Magno.png\" alt=\"\" width=\"394\" height=\"118\" \/><\/p>\n<h2><strong>The Magno Padlock for variable use<\/strong><\/h2>\n<p>Variable, secure, durable: the Magno Padlock is ideally suited for numerous everyday applications. The lock is available <strong>in seven different sizes<\/strong>, from the narrow body width of 15 millimetres to the solid 60 millimetres. So you will definitely be able to find the right model.<\/p>\n<p>The Magno Padlock is made of hardened and chrome-plated brass and offers robust protection against break-in attempts. In addition, the construction and hardened shackle ensure <strong>high breaking strength<\/strong>. As of size 30 \u2013 that is, a body width of 30 millimetres \u2013 the Magno lock is double-bolted, which provides additional protection.<\/p>\n<h3><strong>Rustproof interior<\/strong><\/h3>\n<p>The lock defies wind and weather for a long time. Magno\u2019s <strong>rust-resistant interior<\/strong> makes sure of that. This means that a correct locking of the cylinder will always be possible. Speaking of locking: the Magno padlock comes with a number of different locking options, so that another key doesn\u2019t fit in your lock by chance.<\/p>\n<p>Anyone who uses several Magno padlocks should choose the <strong>keyed alike version<\/strong>, so you can open all of the locks very conveniently with one key. This means an end to searching for and trying out various keys until you finally find the right one.<\/p>\n<p>&nbsp;<\/p>\n<h4><strong>The 400 E Magno Padlock at a glance<\/strong><\/h4>\n<ul>\n<li>Solid brass body<\/li>\n<li>Hardened and chrome-plated shackle<\/li>\n<li>Double bolted from size 30 mm<\/li>\n<li>Available in seven sizes (15 mm to 60 mm)<\/li>\n<li>Rustproof interior<\/li>\n<li>High breaking strength<\/li>\n<li>Available keyed alike for ease of use<\/li>\n<li>A number of different locking options<\/li>\n<li>Supplied standard with two keys<\/li>\n<\/ul>\n<p>&nbsp;<\/p>\n<table class=\"ausfuehrung\">\n<thead>\n<tr>\n<td>Aricle<\/td>\n<td>Shackle thickness (mm)<\/td>\n<td>Shackle width (mm)<\/td>\n<td>Shackle height (mm)<\/td>\n<td>Total height (mm)<\/td>\n<td>Key blank no.<\/td>\n<\/tr>\n<\/thead>\n<tbody>\n<tr>\n<td>400 E 15<\/td>\n<td>\u00a03,0<\/td>\n<td>\u00a08,0<\/td>\n<td>\u00a011,0<\/td>\n<td>33,0<\/td>\n<td>45L<\/td>\n<\/tr>\n<tr>\n<td>400 E 20<\/td>\n<td>\u00a03,5<\/td>\n<td>\u00a010,0<\/td>\n<td>\u00a011,0<\/td>\n<td>34,5<\/td>\n<td>45L<\/td>\n<\/tr>\n<tr>\n<td>400 E 25<\/td>\n<td>\u00a04,0<\/td>\n<td>\u00a013,5<\/td>\n<td>\u00a014,0<\/td>\n<td>44,0<\/td>\n<td>&#8211;<\/td>\n<\/tr>\n<tr>\n<td>400 E 30<\/td>\n<td>\u00a05,0<\/td>\n<td>\u00a016,0<\/td>\n<td>\u00a017,0<\/td>\n<td>50,0<\/td>\n<td>67R<\/td>\n<\/tr>\n<tr>\n<td>400 E 40<\/td>\n<td>\u00a06,5<\/td>\n<td>\u00a022,0<\/td>\n<td>\u00a023,5<\/td>\n<td>64,0<\/td>\n<td>68R<\/td>\n<\/tr>\n<tr>\n<td>400 E 50<\/td>\n<td>\u00a08,0<\/td>\n<td>\u00a028,0<\/td>\n<td>\u00a029,5<\/td>\n<td>78,5<\/td>\n<td>68R<\/td>\n<\/tr>\n<tr>\n<td>400 E 60<\/td>\n<td>\u00a09,5<\/td>\n<td>\u00a035,0<\/td>\n<td>\u00a034,5<\/td>\n<td>87,0<\/td>\n<td>68R<\/td>\n<\/tr>\n<\/tbody>\n<\/table>\n","protected":false},"excerpt":{"rendered":"<p>The Magno Padlock for variable use Variable, secure, durable: the Magno Padlock is ideally suited for numerous everyday applications. The lock is available in seven different sizes, from the narrow body width of 15 millimetres to the solid 60 millimetres. &hellip; <a class=\"kt-excerpt-readmore\" href=\"https:\/\/test.burgwaechterservice.de\/international\/p\/locks-and-bolts\/magno400e\/\" aria-label=\"400 E Magno\">Read More<\/a><\/p>\n","protected":false},"featured_media":444725,"comment_status":"closed","ping_status":"closed","template":"","meta":[],"product_cat":[30,39],"product_tag":[],"yoast_head":"<!-- This site is optimized with the Yoast SEO Premium plugin v18.4 (Yoast SEO v19.13) - https:\/\/yoast.com\/wordpress\/plugins\/seo\/ -->\n<title>Padlock Magno - Robust security for variable use<\/title>\n<meta name=\"description\" content=\"Mit dem Magno HB 400 E Vorh\u00e4ngeschloss sichern Sie ganz komfortabel auch gr\u00f6\u00dfere Dinge. Dazu dient der hohe B\u00fcgel.\" \/>\n<meta name=\"robots\" content=\"index, follow, max-snippet:-1, max-image-preview:large, max-video-preview:-1\" \/>\n<link rel=\"canonical\" href=\"https:\/\/test.burgwaechterservice.de\/international\/p\/locks-and-bolts\/magno400e\/\" \/>\n<meta property=\"og:locale\" content=\"en_GB\" \/>\n<meta property=\"og:type\" content=\"article\" \/>\n<meta property=\"og:title\" content=\"400 E Magno\" \/>\n<meta property=\"og:description\" content=\"Mit dem Magno HB 400 E Vorh\u00e4ngeschloss sichern Sie ganz komfortabel auch gr\u00f6\u00dfere Dinge. Dazu dient der hohe B\u00fcgel.\" \/>\n<meta property=\"og:url\" content=\"https:\/\/test.burgwaechterservice.de\/international\/p\/locks-and-bolts\/magno400e\/\" \/>\n<meta property=\"og:site_name\" content=\"Burg-W\u00e4chter International\" \/>\n<meta property=\"article:modified_time\" content=\"2020-12-21T10:19:55+00:00\" \/>\n<meta property=\"og:image\" content=\"https:\/\/test.burgwaechterservice.de\/international\/wp-content\/uploads\/sites\/7\/2020\/09\/Vorhangschloss-Magno-400-E-von-BURG-WAeCHTER-1.jpg\" \/>\n\t<meta property=\"og:image:width\" content=\"1000\" \/>\n\t<meta property=\"og:image:height\" content=\"1000\" \/>\n\t<meta property=\"og:image:type\" content=\"image\/jpeg\" \/>\n<meta name=\"twitter:card\" content=\"summary_large_image\" \/>\n<meta name=\"twitter:label1\" content=\"Estimated reading time\" \/>\n\t<meta name=\"twitter:data1\" content=\"1 minute\" \/>\n<!-- \/ Yoast SEO Premium plugin. -->","yoast_head_json":{"title":"Padlock Magno - Robust security for variable use","description":"Mit dem Magno HB 400 E Vorh\u00e4ngeschloss sichern Sie ganz komfortabel auch gr\u00f6\u00dfere Dinge. Dazu dient der hohe B\u00fcgel.","robots":{"index":"index","follow":"follow","max-snippet":"max-snippet:-1","max-image-preview":"max-image-preview:large","max-video-preview":"max-video-preview:-1"},"canonical":"https:\/\/test.burgwaechterservice.de\/international\/p\/locks-and-bolts\/magno400e\/","og_locale":"en_GB","og_type":"article","og_title":"400 E Magno","og_description":"Mit dem Magno HB 400 E Vorh\u00e4ngeschloss sichern Sie ganz komfortabel auch gr\u00f6\u00dfere Dinge. Dazu dient der hohe B\u00fcgel.","og_url":"https:\/\/test.burgwaechterservice.de\/international\/p\/locks-and-bolts\/magno400e\/","og_site_name":"Burg-W\u00e4chter International","article_modified_time":"2020-12-21T10:19:55+00:00","og_image":[{"width":1000,"height":1000,"url":"https:\/\/test.burgwaechterservice.de\/international\/wp-content\/uploads\/sites\/7\/2020\/09\/Vorhangschloss-Magno-400-E-von-BURG-WAeCHTER-1.jpg","type":"image\/jpeg"}],"twitter_card":"summary_large_image","twitter_misc":{"Estimated reading time":"1 minute"},"schema":{"@context":"https:\/\/schema.org","@graph":[{"@type":"WebPage","@id":"https:\/\/test.burgwaechterservice.de\/international\/p\/locks-and-bolts\/magno400e\/","url":"https:\/\/test.burgwaechterservice.de\/international\/p\/locks-and-bolts\/magno400e\/","name":"Padlock Magno - Robust security for variable use","isPartOf":{"@id":"https:\/\/test.burgwaechterservice.de\/international\/#website"},"datePublished":"2020-09-16T10:38:23+00:00","dateModified":"2020-12-21T10:19:55+00:00","description":"Mit dem Magno HB 400 E Vorh\u00e4ngeschloss sichern Sie ganz komfortabel auch gr\u00f6\u00dfere Dinge. Dazu dient der hohe B\u00fcgel.","breadcrumb":{"@id":"https:\/\/test.burgwaechterservice.de\/international\/p\/locks-and-bolts\/magno400e\/#breadcrumb"},"inLanguage":"en-GB","potentialAction":[{"@type":"ReadAction","target":["https:\/\/test.burgwaechterservice.de\/international\/p\/locks-and-bolts\/magno400e\/"]}]},{"@type":"BreadcrumbList","@id":"https:\/\/test.burgwaechterservice.de\/international\/p\/locks-and-bolts\/magno400e\/#breadcrumb","itemListElement":[{"@type":"ListItem","position":1,"name":"Home","item":"https:\/\/test.burgwaechterservice.de\/international\/"},{"@type":"ListItem","position":2,"name":"Products","item":"https:\/\/test.burgwaechterservice.de\/international\/p\/"},{"@type":"ListItem","position":3,"name":"400 E Magno"}]},{"@type":"WebSite","@id":"https:\/\/test.burgwaechterservice.de\/international\/#website","url":"https:\/\/test.burgwaechterservice.de\/international\/","name":"Burg-W\u00e4chter International","description":"Eine weitere Burg-W\u00e4chter ENTWICKLUNGSUMGEBUNG Websites Website","potentialAction":[{"@type":"SearchAction","target":{"@type":"EntryPoint","urlTemplate":"https:\/\/test.burgwaechterservice.de\/international\/?s={search_term_string}"},"query-input":"required name=search_term_string"}],"inLanguage":"en-GB"}]}},"_links":{"self":[{"href":"https:\/\/test.burgwaechterservice.de\/international\/wp-json\/wp\/v2\/product\/444724"}],"collection":[{"href":"https:\/\/test.burgwaechterservice.de\/international\/wp-json\/wp\/v2\/product"}],"about":[{"href":"https:\/\/test.burgwaechterservice.de\/international\/wp-json\/wp\/v2\/types\/product"}],"replies":[{"embeddable":true,"href":"https:\/\/test.burgwaechterservice.de\/international\/wp-json\/wp\/v2\/comments?post=444724"}],"wp:featuredmedia":[{"embeddable":true,"href":"https:\/\/test.burgwaechterservice.de\/international\/wp-json\/wp\/v2\/media\/444725"}],"wp:attachment":[{"href":"https:\/\/test.burgwaechterservice.de\/international\/wp-json\/wp\/v2\/media?parent=444724"}],"wp:term":[{"taxonomy":"product_cat","embeddable":true,"href":"https:\/\/test.burgwaechterservice.de\/international\/wp-json\/wp\/v2\/product_cat?post=444724"},{"taxonomy":"product_tag","embeddable":true,"href":"https:\/\/test.burgwaechterservice.de\/international\/wp-json\/wp\/v2\/product_tag?post=444724"}],"curies":[{"name":"wp","href":"https:\/\/api.w.org\/{rel}","templated":true}]}}