{"id":144637,"date":"2018-01-29T08:16:05","date_gmt":"2018-01-29T07:16:05","guid":{"rendered":"https:\/\/www.burg.biz\/international\/p\/videoueberwachung\/burgcam-rec-3510\/"},"modified":"2020-06-30T10:54:42","modified_gmt":"2020-06-30T08:54:42","slug":"burgcam-rec-3510","status":"publish","type":"product","link":"https:\/\/test.burgwaechterservice.de\/international\/p\/video-surveillance\/burgcam-rec-3510\/","title":{"rendered":"BURGcam REC 3510"},"content":{"rendered":"<p><img fetchpriority=\"high\" decoding=\"async\" class=\"alignnone wp-image-192490\" src=\"https:\/\/test.burgwaechterservice.de\/wp-content\/uploads\/2018\/01\/Pikto-BURGcam-REC.jpg\" alt=\"\" width=\"716\" height=\"100\" \/><\/p>\n<h2>Network recorder for 3,5\u201c HDD<\/h2>\n<ul>\n<li>Supports the common HD technologies like IP, CVI, TVI, AHD, as well as analogue cameras<\/li>\n<li>Recordings from up to 5MP<\/li>\n<li>4 canal BNC \/ 6 canal recorder<\/li>\n<li>Supporting 6TB HDD (SATA)<\/li>\n<li>Hard disk not included<\/li>\n<li>Video analysis function<\/li>\n<li>Easy operation and set up<\/li>\n<li>User account control system<\/li>\n<li>Remote access via Apps<\/li>\n<li>Compatible with BURG cloud administration<\/li>\n<li>Power Adapter incl.<\/li>\n<\/ul>\n<p>&nbsp;<\/p>\n<table class=\"ausfuehrung\">\n<tbody>\n<tr>\n<td>Recordertype<\/td>\n<td>Digital\u2009network\u2009recorder<\/td>\n<\/tr>\n<tr>\n<td>HDD capacity (internal)<\/td>\n<td>1 x 3,5\u201c, SATA, max. 6 TB (not included)<\/td>\n<\/tr>\n<tr>\n<td>External Ports (video)<\/td>\n<td>4 x BNC (Analog\/ AHD\/TVI\/CVI)<\/td>\n<\/tr>\n<tr>\n<td>Max. resolution AHD\/CVI\/TVI<\/td>\n<td>2 MP (1080p)<\/td>\n<\/tr>\n<tr>\n<td>Max. resolution Camera display<\/td>\n<td>5 MP<\/td>\n<\/tr>\n<tr>\n<td><span id=\"result_box\" class=\"short_text\" lang=\"en\"><span class=\"\">Automatic video format detection<\/span><\/span><\/td>\n<td>yes<\/td>\n<\/tr>\n<tr>\n<td>USB-interface<\/td>\n<td>2x USB 2.0<\/td>\n<\/tr>\n<tr>\n<td>Video export interface<\/td>\n<td>USB, Network<\/td>\n<\/tr>\n<tr>\n<td>Supported OS<\/td>\n<td>Windows 10 , Windows Vista, 7, 8<\/td>\n<\/tr>\n<tr>\n<td>Access<\/td>\n<td>Web-Interface, Monitor<\/td>\n<\/tr>\n<tr>\n<td>Remote access<\/td>\n<td>BURGcam PRO App, BURGcloud (IE11)<\/td>\n<\/tr>\n<tr>\n<td>Operating temperature<\/td>\n<td>-10\u00b0 C to + 55\u00b0 C<\/td>\n<\/tr>\n<tr>\n<td>Dimensions<\/td>\n<td>205 x 211 x 45 mm<\/td>\n<\/tr>\n<tr>\n<td>Gewicht<\/td>\n<td>550g\u2009\/\u20091.2\u2009lb\u2009(w\u2009\/\u2009o\u2009HDD<\/td>\n<\/tr>\n<\/tbody>\n<\/table>\n","protected":false},"excerpt":{"rendered":"<p>Network recorder for 3,5\u201c HDD Supports the common HD technologies like IP, CVI, TVI, AHD, as well as analogue cameras Recordings from up to 5MP 4 canal BNC \/ 6 canal recorder Supporting 6TB HDD (SATA) Hard disk not included &hellip; <a class=\"kt-excerpt-readmore\" href=\"https:\/\/test.burgwaechterservice.de\/international\/p\/video-surveillance\/burgcam-rec-3510\/\" aria-label=\"BURGcam REC 3510\">Read More<\/a><\/p>\n","protected":false},"featured_media":144638,"comment_status":"closed","ping_status":"closed","template":"","meta":[],"product_cat":[64],"product_tag":[],"yoast_head":"<!-- This site is optimized with the Yoast SEO Premium plugin v18.4 (Yoast SEO v19.13) - https:\/\/yoast.com\/wordpress\/plugins\/seo\/ -->\n<title>Netzwerkrekorder BURGcam REC 3510 von BURG-W\u00c4CHTER<\/title>\n<meta name=\"description\" content=\"Der Netzwerkrekorder BURGcam REC 3510 von BURG-W\u00c4CHTER: Aufnahmen bis 5 MP, Fernzugriff \u00fcber App oder Cloud und automatische Videoformat-Erkennung.\" \/>\n<meta name=\"robots\" content=\"index, follow, max-snippet:-1, max-image-preview:large, max-video-preview:-1\" \/>\n<link rel=\"canonical\" href=\"https:\/\/test.burgwaechterservice.de\/international\/p\/video-surveillance\/burgcam-rec-3510\/\" \/>\n<meta property=\"og:locale\" content=\"en_GB\" \/>\n<meta property=\"og:type\" content=\"article\" \/>\n<meta property=\"og:title\" content=\"BURGcam REC 3510\" \/>\n<meta property=\"og:description\" content=\"Der Netzwerkrekorder BURGcam REC 3510 von BURG-W\u00c4CHTER: Aufnahmen bis 5 MP, Fernzugriff \u00fcber App oder Cloud und automatische Videoformat-Erkennung.\" \/>\n<meta property=\"og:url\" content=\"https:\/\/test.burgwaechterservice.de\/international\/p\/video-surveillance\/burgcam-rec-3510\/\" \/>\n<meta property=\"og:site_name\" content=\"Burg-W\u00e4chter International\" \/>\n<meta property=\"article:modified_time\" content=\"2020-06-30T08:54:42+00:00\" \/>\n<meta property=\"og:image\" content=\"https:\/\/test.burgwaechterservice.de\/international\/wp-content\/uploads\/sites\/7\/2018\/01\/BURGcamREC-3510_395806-01.jpg\" \/>\n\t<meta property=\"og:image:width\" content=\"500\" \/>\n\t<meta property=\"og:image:height\" content=\"500\" \/>\n\t<meta property=\"og:image:type\" content=\"image\/jpeg\" \/>\n<meta name=\"twitter:card\" content=\"summary_large_image\" \/>\n<meta name=\"twitter:label1\" content=\"Estimated reading time\" \/>\n\t<meta name=\"twitter:data1\" content=\"1 minute\" \/>\n<!-- \/ Yoast SEO Premium plugin. -->","yoast_head_json":{"title":"Netzwerkrekorder BURGcam REC 3510 von BURG-W\u00c4CHTER","description":"Der Netzwerkrekorder BURGcam REC 3510 von BURG-W\u00c4CHTER: Aufnahmen bis 5 MP, Fernzugriff \u00fcber App oder Cloud und automatische Videoformat-Erkennung.","robots":{"index":"index","follow":"follow","max-snippet":"max-snippet:-1","max-image-preview":"max-image-preview:large","max-video-preview":"max-video-preview:-1"},"canonical":"https:\/\/test.burgwaechterservice.de\/international\/p\/video-surveillance\/burgcam-rec-3510\/","og_locale":"en_GB","og_type":"article","og_title":"BURGcam REC 3510","og_description":"Der Netzwerkrekorder BURGcam REC 3510 von BURG-W\u00c4CHTER: Aufnahmen bis 5 MP, Fernzugriff \u00fcber App oder Cloud und automatische Videoformat-Erkennung.","og_url":"https:\/\/test.burgwaechterservice.de\/international\/p\/video-surveillance\/burgcam-rec-3510\/","og_site_name":"Burg-W\u00e4chter International","article_modified_time":"2020-06-30T08:54:42+00:00","og_image":[{"width":500,"height":500,"url":"https:\/\/test.burgwaechterservice.de\/international\/wp-content\/uploads\/sites\/7\/2018\/01\/BURGcamREC-3510_395806-01.jpg","type":"image\/jpeg"}],"twitter_card":"summary_large_image","twitter_misc":{"Estimated reading time":"1 minute"},"schema":{"@context":"https:\/\/schema.org","@graph":[{"@type":"WebPage","@id":"https:\/\/test.burgwaechterservice.de\/international\/p\/video-surveillance\/burgcam-rec-3510\/","url":"https:\/\/test.burgwaechterservice.de\/international\/p\/video-surveillance\/burgcam-rec-3510\/","name":"Netzwerkrekorder BURGcam REC 3510 von BURG-W\u00c4CHTER","isPartOf":{"@id":"https:\/\/test.burgwaechterservice.de\/international\/#website"},"datePublished":"2018-01-29T07:16:05+00:00","dateModified":"2020-06-30T08:54:42+00:00","description":"Der Netzwerkrekorder BURGcam REC 3510 von BURG-W\u00c4CHTER: Aufnahmen bis 5 MP, Fernzugriff \u00fcber App oder Cloud und automatische Videoformat-Erkennung.","breadcrumb":{"@id":"https:\/\/test.burgwaechterservice.de\/international\/p\/video-surveillance\/burgcam-rec-3510\/#breadcrumb"},"inLanguage":"en-GB","potentialAction":[{"@type":"ReadAction","target":["https:\/\/test.burgwaechterservice.de\/international\/p\/video-surveillance\/burgcam-rec-3510\/"]}]},{"@type":"BreadcrumbList","@id":"https:\/\/test.burgwaechterservice.de\/international\/p\/video-surveillance\/burgcam-rec-3510\/#breadcrumb","itemListElement":[{"@type":"ListItem","position":1,"name":"Home","item":"https:\/\/test.burgwaechterservice.de\/international\/"},{"@type":"ListItem","position":2,"name":"Products","item":"https:\/\/test.burgwaechterservice.de\/international\/p\/"},{"@type":"ListItem","position":3,"name":"BURGcam REC 3510"}]},{"@type":"WebSite","@id":"https:\/\/test.burgwaechterservice.de\/international\/#website","url":"https:\/\/test.burgwaechterservice.de\/international\/","name":"Burg-W\u00e4chter International","description":"Eine weitere Burg-W\u00e4chter ENTWICKLUNGSUMGEBUNG Websites Website","potentialAction":[{"@type":"SearchAction","target":{"@type":"EntryPoint","urlTemplate":"https:\/\/test.burgwaechterservice.de\/international\/?s={search_term_string}"},"query-input":"required name=search_term_string"}],"inLanguage":"en-GB"}]}},"_links":{"self":[{"href":"https:\/\/test.burgwaechterservice.de\/international\/wp-json\/wp\/v2\/product\/144637"}],"collection":[{"href":"https:\/\/test.burgwaechterservice.de\/international\/wp-json\/wp\/v2\/product"}],"about":[{"href":"https:\/\/test.burgwaechterservice.de\/international\/wp-json\/wp\/v2\/types\/product"}],"replies":[{"embeddable":true,"href":"https:\/\/test.burgwaechterservice.de\/international\/wp-json\/wp\/v2\/comments?post=144637"}],"wp:featuredmedia":[{"embeddable":true,"href":"https:\/\/test.burgwaechterservice.de\/international\/wp-json\/wp\/v2\/media\/144638"}],"wp:attachment":[{"href":"https:\/\/test.burgwaechterservice.de\/international\/wp-json\/wp\/v2\/media?parent=144637"}],"wp:term":[{"taxonomy":"product_cat","embeddable":true,"href":"https:\/\/test.burgwaechterservice.de\/international\/wp-json\/wp\/v2\/product_cat?post=144637"},{"taxonomy":"product_tag","embeddable":true,"href":"https:\/\/test.burgwaechterservice.de\/international\/wp-json\/wp\/v2\/product_tag?post=144637"}],"curies":[{"name":"wp","href":"https:\/\/api.w.org\/{rel}","templated":true}]}}