{"id":404,"date":"2016-05-10T13:05:04","date_gmt":"2016-05-10T11:05:04","guid":{"rendered":"https:\/\/www.burg.biz\/?page_id=404"},"modified":"2021-08-22T17:37:45","modified_gmt":"2021-08-22T15:37:45","slug":"imprint","status":"publish","type":"page","link":"https:\/\/test.burgwaechterservice.de\/international\/imprint\/","title":{"rendered":"Imprint"},"content":{"rendered":"<p>BURG-W\u00c4CHTER KG<br \/>\nAltenhofer Weg 15<\/p>\n<p>D-58300 Wetter<\/p>\n<p>Tel.: +49 (0) 2335 965 366<\/p>\n<p>E-Mail: <a class=\"wga-urltype-exturl\" title=\"\" href=\"mailto:info@burg.biz\" target=\"_blank\" rel=\"noopener\">info@burg.biz<\/a><\/p>\n<p><strong>Trade Register:<\/strong> Local Court Hagen, No. HR A 3901<br \/>\n<strong>VAT ID No.:<\/strong> DE126881184<br \/>\n<strong>WEEE-Reg.-No.:<\/strong> DE19767115<br \/>\n<strong>Managing Directors:<\/strong> Dietmar L\u00fcling, Harald L\u00fcling, Reinhard L\u00fcling<\/p>\n<p><strong>Consumer dispute resolution<\/strong><br \/>\nBurg-W\u00e4chter KG is not obliged to participate in dispute settlement proceedings before a consumer arbitration body. Voluntary participation will not take place.<\/p>\n<p><strong>Exclusion of liability<\/strong><br \/>\nThe provided information on these websites have carefully been checked and are regularly updated.\u2028 However we cannot take any guarantee for the completeness, correctness and the latest update of the provided information. This is specially valid for links to other websites, to which are referred from our website.<\/p>\n<p>In this case BURG-W\u00c4CHTER KG refuses its responsibility for the content of all sites to which a link was set up.\u2028 Of course we do spot checks of the linked sites at regular intervals.\u2028 All information can be changed, removed or completed without advance notice.<\/p>\n<p>&nbsp;<\/p>\n","protected":false},"excerpt":{"rendered":"<p>BURG-W\u00c4CHTER KG Altenhofer Weg 15 D-58300 Wetter Tel.: +49 (0) 2335 965 366 E-Mail: info@burg.biz Trade Register: Local Court Hagen, No. HR A 3901 VAT ID No.: DE126881184 WEEE-Reg.-No.: DE19767115 Managing Directors: Dietmar L\u00fcling, Harald L\u00fcling, Reinhard L\u00fcling Consumer dispute &hellip; <a class=\"kt-excerpt-readmore\" href=\"https:\/\/test.burgwaechterservice.de\/international\/imprint\/\" aria-label=\"Imprint\">Read More<\/a><\/p>\n","protected":false},"author":1,"featured_media":0,"parent":0,"menu_order":40,"comment_status":"closed","ping_status":"closed","template":"","meta":[],"yoast_head":"<!-- This site is optimized with the Yoast SEO Premium plugin v18.4 (Yoast SEO v19.13) - https:\/\/yoast.com\/wordpress\/plugins\/seo\/ -->\n<title>Imprint - Burg-W\u00e4chter International<\/title>\n<meta name=\"description\" content=\"BURG-W\u00c4CHTER KG Altenhofer Weg 15 D-58300 Wetter Tel.: +49 (0) 2335 965 366 E-Mail: info@burg.biz Trade Register: Local Court Hagen, No. HR A 3901 VAT ID\" \/>\n<meta name=\"robots\" content=\"index, follow, max-snippet:-1, max-image-preview:large, max-video-preview:-1\" \/>\n<link rel=\"canonical\" href=\"https:\/\/test.burgwaechterservice.de\/international\/imprint\/\" \/>\n<meta property=\"og:locale\" content=\"en_GB\" \/>\n<meta property=\"og:type\" content=\"article\" \/>\n<meta property=\"og:title\" content=\"Imprint\" \/>\n<meta property=\"og:description\" content=\"BURG-W\u00c4CHTER KG Altenhofer Weg 15 D-58300 Wetter Tel.: +49 (0) 2335 965 366 E-Mail: info@burg.biz Trade Register: Local Court Hagen, No. HR A 3901 VAT ID\" \/>\n<meta property=\"og:url\" content=\"https:\/\/test.burgwaechterservice.de\/international\/imprint\/\" \/>\n<meta property=\"og:site_name\" content=\"Burg-W\u00e4chter International\" \/>\n<meta property=\"article:modified_time\" content=\"2021-08-22T15:37:45+00:00\" \/>\n<meta name=\"twitter:card\" content=\"summary_large_image\" \/>\n<meta name=\"twitter:label1\" content=\"Estimated reading time\" \/>\n\t<meta name=\"twitter:data1\" content=\"1 minute\" \/>\n<!-- \/ Yoast SEO Premium plugin. -->","yoast_head_json":{"title":"Imprint - Burg-W\u00e4chter International","description":"BURG-W\u00c4CHTER KG Altenhofer Weg 15 D-58300 Wetter Tel.: +49 (0) 2335 965 366 E-Mail: info@burg.biz Trade Register: Local Court Hagen, No. HR A 3901 VAT ID","robots":{"index":"index","follow":"follow","max-snippet":"max-snippet:-1","max-image-preview":"max-image-preview:large","max-video-preview":"max-video-preview:-1"},"canonical":"https:\/\/test.burgwaechterservice.de\/international\/imprint\/","og_locale":"en_GB","og_type":"article","og_title":"Imprint","og_description":"BURG-W\u00c4CHTER KG Altenhofer Weg 15 D-58300 Wetter Tel.: +49 (0) 2335 965 366 E-Mail: info@burg.biz Trade Register: Local Court Hagen, No. HR A 3901 VAT ID","og_url":"https:\/\/test.burgwaechterservice.de\/international\/imprint\/","og_site_name":"Burg-W\u00e4chter International","article_modified_time":"2021-08-22T15:37:45+00:00","twitter_card":"summary_large_image","twitter_misc":{"Estimated reading time":"1 minute"},"schema":{"@context":"https:\/\/schema.org","@graph":[{"@type":"WebPage","@id":"https:\/\/test.burgwaechterservice.de\/international\/imprint\/","url":"https:\/\/test.burgwaechterservice.de\/international\/imprint\/","name":"Imprint - Burg-W\u00e4chter International","isPartOf":{"@id":"https:\/\/test.burgwaechterservice.de\/international\/#website"},"datePublished":"2016-05-10T11:05:04+00:00","dateModified":"2021-08-22T15:37:45+00:00","description":"BURG-W\u00c4CHTER KG Altenhofer Weg 15 D-58300 Wetter Tel.: +49 (0) 2335 965 366 E-Mail: info@burg.biz Trade Register: Local Court Hagen, No. HR A 3901 VAT ID","breadcrumb":{"@id":"https:\/\/test.burgwaechterservice.de\/international\/imprint\/#breadcrumb"},"inLanguage":"en-GB","potentialAction":[{"@type":"ReadAction","target":["https:\/\/test.burgwaechterservice.de\/international\/imprint\/"]}]},{"@type":"BreadcrumbList","@id":"https:\/\/test.burgwaechterservice.de\/international\/imprint\/#breadcrumb","itemListElement":[{"@type":"ListItem","position":1,"name":"Home","item":"https:\/\/test.burgwaechterservice.de\/international\/"},{"@type":"ListItem","position":2,"name":"Imprint"}]},{"@type":"WebSite","@id":"https:\/\/test.burgwaechterservice.de\/international\/#website","url":"https:\/\/test.burgwaechterservice.de\/international\/","name":"Burg-W\u00e4chter International","description":"Eine weitere Burg-W\u00e4chter ENTWICKLUNGSUMGEBUNG Websites Website","potentialAction":[{"@type":"SearchAction","target":{"@type":"EntryPoint","urlTemplate":"https:\/\/test.burgwaechterservice.de\/international\/?s={search_term_string}"},"query-input":"required name=search_term_string"}],"inLanguage":"en-GB"}]}},"_links":{"self":[{"href":"https:\/\/test.burgwaechterservice.de\/international\/wp-json\/wp\/v2\/pages\/404"}],"collection":[{"href":"https:\/\/test.burgwaechterservice.de\/international\/wp-json\/wp\/v2\/pages"}],"about":[{"href":"https:\/\/test.burgwaechterservice.de\/international\/wp-json\/wp\/v2\/types\/page"}],"author":[{"embeddable":true,"href":"https:\/\/test.burgwaechterservice.de\/international\/wp-json\/wp\/v2\/users\/1"}],"replies":[{"embeddable":true,"href":"https:\/\/test.burgwaechterservice.de\/international\/wp-json\/wp\/v2\/comments?post=404"}],"version-history":[{"count":4,"href":"https:\/\/test.burgwaechterservice.de\/international\/wp-json\/wp\/v2\/pages\/404\/revisions"}],"predecessor-version":[{"id":531660,"href":"https:\/\/test.burgwaechterservice.de\/international\/wp-json\/wp\/v2\/pages\/404\/revisions\/531660"}],"wp:attachment":[{"href":"https:\/\/test.burgwaechterservice.de\/international\/wp-json\/wp\/v2\/media?parent=404"}],"curies":[{"name":"wp","href":"https:\/\/api.w.org\/{rel}","templated":true}]}}